 the remainder when 157 is divided by i.
5
Suppose 0 = -8*r + 2794 + 318. Calculate the remainder when r is divided by 49.
46
Suppose -53*d + 332 = 64*d - 34*d. Let s(w) = w**3 - w**2 + w + 18. Calculate the remainder when s(0) is divided by d.
2
Let a(l) = l**2 - 4*l - 1. Let y be a(5). Suppose 2*x + 9 = 15. Suppose y*s = i + 2*i - 38, x*i + 4*s + 2 = 0. Calculate the remainder when 10 is divided by i.
4
Let s = 72 - -33. Let x = -95 + 134. Suppose 6*b - 177 - x = 0. What is the remainder when s is divided by b?
33
Suppose 1236 = 21*p + 123. Calculate the remainder when p is divided by 19.
15
Let p = -180 + 200. What is the remainder when 156 is divided by p?
16
Let b be (-114133)/95 + (-6)/10. Calculate the remainder when 19/133 - b/14 is divided by 25.
11
Let p = 2766 - 2493. What is the remainder when p is divided by 20?
13
Suppose 2*u - 3*i - 28 = 0, 5*u - 59 = -43*i + 45*i. Suppose 11 = 4*d + c, d + 3*c - 5 = 6. Calculate the remainder when u is divided by d.
1
Suppose -5*z + 33 = -117. What is the remainder when 99 is divided by z?
9
Suppose 0 = 22*k - 2337 - 501. What is the remainder when k is divided by 83?
46
Let n = 20 + -11. Suppose -25*q + 8 = -23*q. Calculate the remainder when n is divided by q.
1
Let f(s) = -s**3 + s**2 + 26*s - 2. What is the remainder when 305 is divided by f(5)?
25
Suppose -5*l + 553 + 497 = 0. Suppose l = 3*d - 84. What is the remainder when d is divided by 25?
23
Let b = -25 - -60. Suppose 2*v + 2*f - b = 3*f, -v = 2*f - 25. Let t = 48 + -11. Calculate the remainder when t is divided by v.
18
Suppose 0*t - 52 = 2*t. Let l = t + 11. What is the remainder when (-114)/4*10/l is divided by 10?
9
Suppose 4 = -4*b + 16. Suppose 0 = -b*g - 2*g + 10. Suppose -h + 2*j = h, -7 = -5*h - g*j. What is the remainder when 1 is divided by h?
0
Let l(c) = c**3 - 5*c**2 + 2. Let t be l(5). Suppose 5 = t*g + 3. Calculate the remainder when (-3)/6*-10 - 2 is divided by g.
0
Suppose 38*c = -28*c + 858. Calculate the remainder when c is divided by 11.
2
Let m(f) be the first derivative of f**4/4 + 2*f**3 + f**2 - 5*f + 1. Let v = -6 + 1. Calculate the remainder when 27 is divided by m(v).
7
Let z = 320 - 175. What is the remainder when z is divided by 51?
43
Let i = 303 + -287. Calculate the remainder when 39 is divided by i.
7
Suppose 2*h = t + 59, 0 = -5*h - 5*t + 209 - 84. Calculate the remainder when 78 is divided by h.
22
Calculate the remainder when (0/4)/8 + 174 is divided by 60.
54
Calculate the remainder when ((-32)/(-6) - -4)*324/14 is divided by 15.
6
Let l(v) = -v - 10. Let m be 1/3*(2 - 2). Suppose 3*w = -m*w + 12, -48 = -4*i + 5*w. What is the remainder when i is divided by l(-17)?
3
Suppose -6465*k - 153 = -6474*k. What is the remainder when 676 is divided by k?
13
Let u = 78 - 29. What is the remainder when u is divided by 1/3*(64 - 7)?
11
Suppose -x + 65 = 5*j, -4*x - 4*j + 308 = -0*x. Suppose 2*z - 5*q = x, -5*q = 3*z - 8*z + 185. What is the remainder when z is divided by 18?
17
Suppose 5*g - 15 = 0, -5*r - 15*g + 13*g + 141 = 0. Calculate the remainder when 43 is divided by r.
16
Suppose -4*t = -2*t + 4*l - 30, -39 = -5*t + 2*l. Suppose -2*d = 7 + 9. What is the remainder when 17/(-2)*d/4 is divided by t?
8
Let i = -233 - -258. What is the remainder when 124 is divided by i?
24
Let u be 1/(((-25)/(-120))/(-5)). Let t(f) = f**2 + f. Let m be t(3). Calculate the remainder when u/m - -10*1 is divided by 2.
0
Let q = -522 - -634. Calculate the remainder when q is divided by 35.
7
Let b(p) = -36*p - 5. Calculate the remainder when b(-1) is divided by 25.
6
Let b be -3 + 1 - 3/(-1). Suppose -4*h + 21 = b. Suppose 0 = -i + h*i - 332. What is the remainder when i is divided by 28?
27
Let i = -254 + 269. Calculate the remainder when 204 is divided by i.
9
Let q = 6 + -3. Suppose -154 = -q*t - 40. Let a(s) = 2*s**2 - 6*s. Calculate the remainder when t is divided by a(4).
6
Let z be (-10944)/(-63) - 4/(-14). Suppose z = 4*i - 130. What is the remainder when i is divided by 16?
12
Calculate the remainder when 19910/130 + (-4)/26 is divided by 14.
13
Suppose -11*b = -429 + 132. Let d = 259 + -190. What is the remainder when d is divided by b?
15
Let n = -655 - -697. Let c(r) = -20*r - 19. Calculate the remainder when c(-5) is divided by n.
39
Let f(y) = -38*y**2 - y + 1. Let p(h) = h**3 + 3*h**2 + 3*h + 1. Let w be p(-2). Let g be f(w). Calculate the remainder when (-964)/g + 4/18 is divided by 6.
3
Let t(w) = w**3 + 2*w**2. What is the remainder when 43 is divided by t(2)?
11
Let x(j) = j**3 - 7*j**2 + j + 10. Let i be x(6). Let g = i + 40. What is the remainder when 53 is divided by g?
13
Suppose 0 = -2*w + 27 - 173. Let o = -34 - w. What is the remainder when o is divided by 10?
9
Let p = 365 - 348. What is the remainder when 353 is divided by p?
13
Let q = 166 - 94. Suppose 14 = -f + 33. What is the remainder when q is divided by f?
15
Let n = 1903 + -1877. Calculate the remainder when 40 is divided by n.
14
Suppose -418*p - 66 = -421*p. What is the remainder when 125 is divided by p?
15
Suppose 4*x - 4*f - 1304 = 0, -96*f + 95*f = 4*x - 1284. What is the remainder when x is divided by 44?
14
Let n = 124 + -445. Let u = n - -128. Let v = -128 - u. What is the remainder when v is divided by 17?
14
Let w(f) = -f**2 + 15*f - 29. What is the remainder when 92 is divided by w(7)?
11
Let x(p) = p - 1. Suppose -1 = 2*g - 7. Suppose -2*r = t + g - 2, -r = -t + 14. Calculate the remainder when x(t) is divided by 5.
3
Let d = -1738 + 2518. Calculate the remainder when d is divided by 112.
108
Suppose 38 = q - 3*c, 34*c + 118 = 4*q + 39*c. Calculate the remainder when 122 is divided by q.
26
Suppose -5*a + 15 = 0, -3*n + 134 = a - 145. Let g = -71 + n. Calculate the remainder when g is divided by (2 + 16/(-6))*-9.
3
Let t = -2 + 4. Let q be 12*(3 - 5/t). Calculate the remainder when ((-63)/q)/((-6)/8) is divided by 8.
6
Let z(g) = 12*g + 3. Let b(v) = -v - 4. Let x be b(-9). Let a be z(x). What is the remainder when 61 is divided by (12/2)/(18/a)?
19
Let l(c) = c + 21. Let f be l(-19). Calculate the remainder when 2 is divided by ((-1)/f)/((-7)/14).
0
Calculate the remainder when 196 is divided by (-2 - 20)*(-18)/12.
31
Suppose -5*p - 38 = -128. Suppose -u - p + 21 = 0. Suppose 8*d + 255 = 5*r + u*d, 5*d = 4*r - 203. What is the remainder when r is divided by 18?
16
Let g(u) = 189*u - 706. What is the remainder when 299 is divided by g(4)?
49
Suppose -2*y = t - 0*t - 23, 0 = 5*t - 2*y - 103. Let h = 21 - -8. What is the remainder when h is divided by t?
8
Let f(l) be the second derivative of 0 + 1/6*l**3 + 11*l + 11/2*l**2. Calculate the remainder when 7 is divided by f(-8).
1
Let l = -39 + 72. Let s(p) = -11*p**3 - 2*p**2 - 2*p - 1. What is the remainder when (-1)/((-1)/l) - 4 is divided by s(-1)?
9
Let w(x) = -22*x + 9. Let m(y) = 15*y - 6. Let h(l) = -7*m(l) - 5*w(l). Let b = 4 - 0. What is the remainder when h(b) is divided by 10?
7
Let x(y) = 4*y + 2. Suppose 2*w = 3*i + 110, w - 5*i = -7*i + 55. Calculate the remainder when w is divided by x(3).
13
Let d = 10 + -9. What is the remainder when d/(-9) + (-1245)/(-27) is divided by 2/(-11) - 356/(-22)?
14
Suppose 88 = 2*s + 5*m, 4*s + m + 37 = 5*s. Let a(x) = -x**3 + x**2 + 40*x + 2. Calculate the remainder when s is divided by a(-6).
11
Let u(l) = -3*l - 7. Suppose 4*g - 152 = 4*p, 4*g + 0*p - 162 = 2*p. Calculate the remainder when g is divided by u(-6).
10
Suppose -19 = -3*f - 2*v, -4*v - v + 20 = 2*f. Let r = 9 + -6. Suppose -3*n - 4*c + 6 = -r, -n = 4*c + f. Calculate the remainder when 18 is divided by n.
4
What is the remainder when 184 is divided by (18 - -1) + 42/21 - 0?
16
Let n be 0 + 1 + -4 + -54. Let a = n - -88. Calculate the remainder when a is divided by 11.
9
Let j(o) = 24*o**2 - o - 2. Let u be j(-2). Let w = u + -47. Let z(t) = t + 35. What is the remainder when w is divided by z(-18)?
15
Suppose 0 = u, 2*a = -3*u - 58 - 22. Suppose 5*s + 3*q - 197 = 0, -5*q + 205 = s + 4*s. Calculate the remainder when s is divided by (a/28)/(1/(-7)).
7
What is the remainder when 960 is divided by 70 - (16/8 + -6)?
72
Suppose 4*q + 4*t - 64 = 0, 3*q - 24 = 2*q - 3*t. Calculate the remainder when 43 is divided by q.
7
Let y = -420 + 495. What is the remainder when 14